t is the greatest common factor of 374 and 44?
22
Calculate the greatest common factor of 720 and 846.
18
Calculate the highest common divisor of 6 and 42.
6
What is the highest common divisor of 306 and 4?
2
Calculate the highest common divisor of 60 and 150.
30
Calculate the greatest common divisor of 2704 and 156.
52
Calculate the highest common divisor of 15 and 555.
15
Calculate the highest common divisor of 11063 and 1196.
299
What is the greatest common factor of 80 and 3568?
16
Calculate the greatest common divisor of 10 and 604.
2
What is the greatest common divisor of 54 and 33318?
54
Calculate the highest common factor of 512 and 16.
16
Calculate the greatest common divisor of 6 and 318.
6
What is the highest common factor of 1096 and 137?
137
Calculate the greatest common factor of 6 and 8.
2
What is the greatest common divisor of 280 and 4088?
56
What is the highest common factor of 144 and 504?
72
Calculate the greatest common factor of 111 and 1443.
111
Calculate the greatest common divisor of 32 and 88.
8
Calculate the greatest common divisor of 442 and 34.
34
Calculate the highest common divisor of 24 and 17.
1
Calculate the highest common factor of 30 and 4170.
30
Calculate the highest common factor of 53 and 1.
1
Calculate the highest common factor of 12 and 1173.
3
Calculate the highest common factor of 1824 and 5856.
96
Calculate the highest common factor of 136 and 3468.
68
What is the highest common factor of 36 and 8?
4
Calculate the highest common factor of 136 and 34.
34
What is the highest common divisor of 72 and 1548?
36
What is the greatest common factor of 1414 and 252?
14
Calculate the highest common factor of 198 and 162.
18
What is the greatest common divisor of 34 and 6?
2
Calculate the highest common factor of 9 and 34362.
9
What is the greatest common divisor of 86 and 15781?
43
What is the highest common divisor of 36 and 22764?
12
Calculate the highest common factor of 2300 and 92.
92
Calculate the greatest common divisor of 184 and 23.
23
Calculate the greatest common divisor of 114 and 3648.
114
Calculate the greatest common factor of 94983 and 21.
21
What is the greatest common divisor of 100 and 1280?
20
What is the greatest common divisor of 50 and 1525?
25
What is the greatest common factor of 468 and 3393?
117
What is the highest common divisor of 2973 and 3?
3
Calculate the greatest common divisor of 45 and 36.
9
What is the greatest common divisor of 380 and 304?
76
Calculate the greatest common factor of 420 and 595.
35
What is the greatest common divisor of 99 and 144?
9
Calculate the highest common divisor of 258 and 43.
43
What is the highest common factor of 33 and 561?
33
What is the greatest common divisor of 49 and 1323?
49
Calculate the highest common divisor of 77 and 495.
11
Calculate the greatest common factor of 11180 and 13.
13
What is the greatest common divisor of 6 and 18?
6
Calculate the highest common factor of 78 and 104.
26
Calculate the highest common factor of 6 and 38.
2
Calculate the highest common factor of 40 and 680.
40
What is the highest common divisor of 232 and 488?
8
Calculate the highest common divisor of 14 and 2086.
14
What is the highest common divisor of 5495 and 35?
35
Calculate the greatest common factor of 16 and 10264.
8
What is the highest common divisor of 8 and 16?
8
Calculate the greatest common divisor of 186 and 42.
6
What is the highest common divisor of 38 and 7334?
38
Calculate the highest common divisor of 640 and 1424.
16
Calculate the greatest common divisor of 57 and 25194.
57
Calculate the greatest common factor of 12 and 264.
12
Calculate the highest common divisor of 95 and 1539.
19
What is the greatest common factor of 4 and 3116?
4
What is the greatest common factor of 2144 and 256?
32
What is the greatest common divisor of 90 and 36?
18
What is the highest common factor of 15 and 255?
15
Calculate the highest common factor of 43 and 602.
43
What is the greatest common factor of 39 and 195?
39
What is the greatest common factor of 18469 and 73?
73
Calculate the greatest common factor of 211 and 56759.
211
What is the greatest common divisor of 369 and 205?
41
Calculate the highest common factor of 736 and 21528.
184
Calculate the highest common divisor of 1386 and 102.
6
What is the greatest common divisor of 91 and 7?
7
What is the highest common factor of 14742 and 81?
81
What is the greatest common factor of 52 and 4628?
52
What is the greatest common divisor of 1085 and 14?
7
What is the highest common divisor of 104 and 676?
52
Calculate the greatest common factor of 655 and 3013.
131
What is the greatest common divisor of 1100 and 60?
20
Calculate the greatest common factor of 344 and 1118.
86
What is the highest common divisor of 325 and 39?
13
Calculate the greatest common factor of 8239 and 385.
77
What is the greatest common divisor of 92 and 4?
4
Calculate the highest common factor of 1089 and 9.
9
Calculate the highest common divisor of 209 and 95.
19
What is the greatest common divisor of 210 and 90?
30
What is the highest common divisor of 72 and 54?
18
Calculate the greatest common divisor of 128 and 2240.
64
What is the greatest common divisor of 150 and 225?
75
What is the greatest common factor of 261 and 72?
9
What is the greatest common divisor of 400 and 1550?
50
What is the highest common divisor of 71 and 71?
71
What is the highest common factor of 494 and 114?
38
What is the highest common factor of 60 and 2430?
30
Calculate the greatest common divisor of 1425 and 57.
57
What is the highest common factor of 833 and 153?
17
What is the greatest common factor of 2094 and 6?
6
Calculate the highest common factor of 28 and 248.
4
Calculate the highest common factor of 3641 and 11.
11
What is the highest common factor of 93 and 27063?
93
Calculate the highest common factor of 70 and 28.
14
Calculate the highest common divisor of 3443 and 313.
313
What is the greatest common factor of 77 and 35?
7
Calculate the greatest common divisor of 23 and 161.
23
What is the greatest common factor of 42 and 462?
42
Calculate the greatest common factor of 108 and 2133.
27
What is the greatest common divisor of 85 and 20?
5
What is the greatest common divisor of 1804 and 176?
44
What is the highest common factor of 102 and 1734?
102
Calculate the greatest common factor of 618 and 6.
6
What is the greatest common factor of 187 and 476?
17
What is the highest common factor of 3272 and 72?
8
What is the highest common divisor of 8 and 48?
8
Calculate the highest common factor of 1442 and 42.
14
What is the highest common divisor of 7 and 22?
1
What is the greatest common factor of 19 and 72067?
19
Calculate the greatest common divisor of 140 and 1890.
70
Calculate the highest common divisor of 64 and 2752.
64
What is the highest common divisor of 26 and 416?
26
What is the highest common divisor of 35 and 2065?
35
Calculate the greatest common factor of 72 and 24.
24
Calculate the highest common factor of 1406 and 190.
38
Calculate the highest common divisor of 1 and 1136.
1
Calculate the highest common factor of 7 and 217.
7
What is the highest common divisor of 88 and 418?
22
What is the greatest common factor of 2070 and 630?
90
What is the highest common factor of 609 and 84?
21
What is the greatest common divisor of 453 and 6?
3
Calculate the greatest common divisor of 22 and 473.
11
Calculate the highest common factor of 44 and 88.
44
What is the greatest common divisor of 204 and 32538?
102
Calculate the highest common divisor of 798 and 42.
42
What is the highest common divisor of 1180 and 1940?
20
Calculate the greatest common divisor of 651 and 21.
21
Calculate the greatest common factor of 2332 and 53.
53
What is the greatest common factor of 272 and 11288?
136
Calculate the highest common factor of 36 and 144.
36
What is the greatest common factor of 34 and 23783?
17
What is the greatest common factor of 366 and 854?
122
Calculate the highest common factor of 1120 and 70.
70
What is the greatest common divisor of 2041 and 13?
13
Calculate the greatest common factor of 40 and 32.
8
What is the greatest common divisor of 6 and 636?
6
What is the highest common divisor of 9095 and 85?
85
What is the greatest common diviso